 base 6, what is -2 + 5102?
5100
In base 3, what is 1211210 + -12?
1211121
In base 13, what is 2 - -11a?
11c
In base 14, what is 2 - -37b?
37d
In base 11, what is 5719 - -1?
571a
In base 9, what is -22 + -82?
-114
In base 10, what is -85 - 2?
-87
In base 16, what is 1 + -28?
-27
In base 5, what is -2 - 43312?
-43314
In base 5, what is -3 + 233?
230
In base 10, what is 2965 - 5?
2960
In base 10, what is -18 - 106?
-124
In base 5, what is 132 - 114?
13
In base 7, what is 2 + -45?
-43
In base 9, what is -13 + -11?
-24
In base 9, what is -714 - 0?
-714
In base 8, what is -3 - 605?
-610
In base 5, what is 14 + -1040?
-1021
In base 10, what is 0 - 1578?
-1578
In base 8, what is 3 + 164?
167
In base 7, what is 511 + 43?
554
In base 2, what is -11 - 1110011?
-1110110
In base 2, what is -1001101011 - -11?
-1001101000
In base 16, what is -1e6 + 4?
-1e2
In base 16, what is -30 + 5?
-2b
In base 7, what is -5 + -320?
-325
In base 3, what is 12101 + 20102?
102210
In base 4, what is -10 - -201210?
201200
In base 15, what is -14 + 3?
-11
In base 13, what is -10 + -2?
-12
In base 4, what is 100 - -213?
313
In base 12, what is -7 - 11b5?
-1200
In base 7, what is 20624 + 1?
20625
In base 2, what is -11100 + 1011010?
111110
In base 9, what is 1542 - 3?
1538
In base 3, what is 11111 + 0?
11111
In base 5, what is 100 + -13?
32
In base 13, what is 7 + 33?
3a
In base 10, what is 4 + 710?
714
In base 13, what is 5 + a5?
aa
In base 7, what is 140 + 4?
144
In base 6, what is 1 + -2043?
-2042
In base 14, what is 2b1 - 4?
2ab
In base 13, what is -7cc - -1?
-7cb
In base 12, what is -2 + 43?
41
In base 10, what is -705 - 5?
-710
In base 9, what is -3 + 1525?
1522
In base 10, what is 186 + 31?
217
In base 12, what is 92 + -3?
8b
In base 12, what is -5 - -34b?
346
In base 11, what is -295 - -3?
-292
In base 15, what is 2a0 - 43?
25c
In base 11, what is -6 - -24?
19
In base 13, what is -4 + -816?
-81a
In base 2, what is 10 - -111110011?
111110101
In base 8, what is -4 + 425?
421
In base 3, what is 10001102000 - -11?
10001102011
In base 11, what is -aa - -1?
-a9
In base 8, what is -26007 + 1?
-26006
In base 3, what is 122 + -101102?
-100210
In base 15, what is 4 + 7b?
80
In base 16, what is -bd + -2?
-bf
In base 16, what is c5 + -5?
c0
In base 15, what is 3 - -57?
5a
In base 12, what is -2 + -1b?
-21
In base 14, what is 1ad + 9?
1b8
In base 12, what is 23 + -15?
a
In base 11, what is 2 + -13?
-11
In base 2, what is -11 - 101110101?
-101111000
In base 7, what is 10 - 1020?
-1010
In base 2, what is -10 - -101011?
101001
In base 15, what is 2996 + 4?
299a
In base 16, what is 1 - -5bb?
5bc
In base 5, what is -42241 - 0?
-42241
In base 9, what is -26 - -128?
102
In base 12, what is 213 - -24?
237
In base 7, what is -30 - -61?
31
In base 10, what is -2149 + -2?
-2151
In base 14, what is 0 - 47a?
-47a
In base 6, what is -15 + -5?
-24
In base 10, what is 36 - 8?
28
In base 7, what is 20 - -2451?
2501
In base 6, what is -5 - 2101?
-2110
In base 14, what is 5 + 9?
10
In base 14, what is -31 - 6?
-37
In base 14, what is 47 - 15?
32
In base 10, what is 65 - -27?
92
In base 14, what is -2 + 1424?
1422
In base 9, what is -5 - -54?
48
In base 14, what is 3 - -250c?
2511
In base 11, what is -1a4 - 4?
-1a8
In base 15, what is 1 - -8a?
8b
In base 8, what is 342 + 5?
347
In base 7, what is -44 - 1?
-45
In base 6, what is 1135 - -2?
1141
In base 9, what is -224 - -2?
-222
In base 7, what is -2 - 154?
-156
In base 15, what is 15 + 13?
28
In base 10, what is 12 + -55?
-43
In base 13, what is -5 - -1a?
15
In base 10, what is -2 + -2695?
-2697
In base 14, what is 0 - -1956?
1956
In base 10, what is -380 - -2?
-378
In base 7, what is 24 - -563?
620
In base 15, what is -104 + -94?
-198
In base 7, what is 3 - -635?
641
In base 14, what is 373 + 3?
376
In base 16, what is -7 - -22?
1b
In base 11, what is -12 - 47?
-59
In base 7, what is 2311 + 14?
2325
In base 14, what is -165 - 1d?
-184
In base 2, what is 1000000001100 - 10?
1000000001010
In base 14, what is -7b50 + -2?
-7b52
In base 3, what is -12 - -1112000?
1111211
In base 14, what is 20 + 205?
225
In base 4, what is -113323 - -11?
-113312
In base 7, what is 3 - -321?
324
In base 13, what is -233 + -4?
-237
In base 4, what is -23 - 200?
-223
In base 16, what is -46 + 2?
-44
In base 10, what is 0 - -7147?
7147
In base 11, what is -1 - -199?
198
In base 4, what is 23 - 120111?
-120022
In base 8, what is 10 + 1461?
1471
In base 12, what is -6 - 103?
-109
In base 5, what is 1434 - 10?
1424
In base 11, what is 9 - -48?
56
In base 9, what is -2 + 1278?
1276
In base 10, what is 73 - 3?
70
In base 16, what is -3 + 352?
34f
In base 5, what is 4220 + -11?
4204
In base 10, what is 4 - 338?
-334
In base 2, what is 1 - -10?
11
In base 15, what is -9 + -b?
-15
In base 16, what is -3 - -7ea?
7e7
In base 7, what is -1 + 336?
335
In base 14, what is 1 - 42?
-41
In base 4, what is -2212 - -111?
-2101
In base 3, what is -2001 - 1?
-2002
In base 15, what is -1b + 10e?
e3
In base 11, what is 106 - -47?
152
In base 3, what is 1012100 - 20?
1012010
In base 11, what is -355 - 4?
-359
In base 8, what is 1176 - 2?
1174
In base 12, what is 6 - -181?
187
In base 4, what is -2 + -2212?
-2220
In base 9, what is 4 - 3?
1
In base 6, what is -22232 + -3?
-22235
In base 8, what is 11 - 20?
-7
In base 7, what is -64 - 44?
-141
In base 4, what is 111100 - 0?
111100
In base 6, what is -4 - 533?
-541
In base 8, what is 12 - -203?
215
In base 11, what is 2 + 5257?
5259
In base 5, what is 2041 - 20?
2021
In base 10, what is -15 + 36?
21
In base 14, what is 98 - 0?
98
In base 5, what is 1204 - -103?
1312
In base 14, what is d - 11c?
-10d
In base 16, what is -58 + -d?
-65
In base 13, what is 358 - 2?
356
In base 8, what is -115 + -4?
-121
In base 4, what is -102 + 2123?
2021
In base 15, what is 1b - -7?
23
In base 6, what is -240 - 5?
-245
In base 6, what is 4 - 253?
-245
In base 12, what is -19a - 6?
-1a4
In base 6, what is 0 - 21?
-21
In base 11, what is 5 - 1126?
-1121
In base 3, what is -1 - 200200?
-200201
In base 7, what is 113 + 23?
136
In base 16, what is 3 + -2163?
-2160
In base 8, what is -10 - 17?
-27
In base 13, what is 6 + -36?
-30
In base 10, what is -50 + 33?
-17
In base 13, what is 196 + -4?
192
In base 8, what is -5327 + 1?
-5326
In base 7, what is 3322 + -4?
3315
In base 6, what is -3 - -355?
352
In base 4, what is -32311 - 10?
-32321
In base 13, what is 3 + -28c?
-289
In base 3, what is -1 + 2201?
2200
In base 13, what is 1 + -28?
-27
In base 8, what is 5 + 1025?
1032
In base 9, what is -7 - 17?
-25
In base 11, what is 34 + 91?
115
In base 3, what is -1221100 + -11?
-1221111
In base 3, what is -2002 - -10?
-1222
In base 16, what is -2e + -6?
-34
In base 4, what is 1 + 310?
311
In base 6, what is 2230 + 2?
2232
In base 3, what is 12 - -12202?
12221
In base 11, what is 385 + 5?
38a
In base 12, what is 3 + 62?
65
In base 7, what is 2031 + -5?
2023
In base 8, what is 5 + 4?
11
In base 12, what is 2658 + 2?
265a
In base 12, what is -2 + -239?
-23b
In base 16, what is -3f5 - 1?
-3f6
In base 7, what is -1230 - -5?
-1222
In base 5, what is -134 + 1?
-133
In base 3, what is 21212 + 0?
21212
In base 13, what is -5 - -b1b?
b16
In base 2, what is 1100 + 1100?
11000
In base 11, what is -7 + 319?
312
In base 7, what is 15 - 305?
-260
In base 11, what is -4 + -32a?
-333
In base 10, what is -6 - 10?
-16
In base 13, what is -57 - -5?
-52
In base 9, what is -6 - 45?
-52
In base 6, what is 1 + 144?
145
In base 7, what is 1016 - 2?
1014
In base 9, what is 14 + -107?
-83
In base 2, what is -1001000100001 - 11?
-1001000100100
In base 8, what is 7 + 12?
21
In base 4, what is -123200 - -22?
-123112
In base 15, what is -cc + -1?
-cd
In base 8, what is 0 + 557?
557
In base 12, what is 3 - 3b?
-38
In base 5, what is -3 - -102?
44
In base 16, what is -1a4 - -3?
-1a1
In base 5, what is -14 - -3?
-11
In base 15, what is 3 + d?
11
In base 11, what is 372 + 4?
376
In base 6, what is -4 - 135?
-143
In base 9, what is 3 + -532?
-528
In base 6, what is 0 + 45425?
45425
In base 10, what is -34 - -320?
286
In base 10, what is 55 + 7?
62
In base 14, what is -c6 - -2?
-c4
In base 12, what is b0 - -2?
b2
In base 4, what is -11 + 1?
-10
In base 12, what is 27 + -161?
-136
In base 4, what is 0 + 30?
30
In base